ber?
True
Is 5793858167 a composite number?
False
Is 2972854517 composite?
True
Is 41008631063 composite?
True
Is 2850014 a prime number?
False
Is 51284121887 composite?
False
Is 2638058461 a composite number?
False
Is 108841357 a composite number?
False
Is 2299078709 composite?
True
Is 3427658842 prime?
False
Is 4056343363 composite?
False
Is 105950301 a prime number?
False
Is 7242841433 a prime number?
False
Is 103604299 prime?
True
Is 8007151469 a prime number?
False
Is 26160811109 composite?
False
Is 9183961 composite?
True
Is 377366881 prime?
False
Is 6745135127 prime?
False
Is 1415136509 a composite number?
False
Is 5731933253 composite?
True
Is 133958983861 a prime number?
True
Is 46956319337 prime?
False
Is 51278042867 prime?
True
Is 3226348109 a prime number?
True
Is 280808939 a prime number?
False
Is 86824349 a composite number?
False
Is 1727353037 composite?
False
Is 5191039391 a prime number?
False
Is 59255820373 prime?
True
Is 620153017 a prime number?
False
Is 36788873167 a composite number?
False
Is 1642889383 a prime number?
False
Is 25952994401 a prime number?
True
Is 72478627627 a prime number?
False
Is 2517877049 a composite number?
False
Is 4959631619 composite?
True
Is 12149258239 composite?
False
Is 56464619941 a composite number?
True
Is 25444615753 prime?
False
Is 313724722 prime?
False
Is 19419505939 composite?
True
Is 4563411553 a prime number?
False
Is 602935309 a prime number?
True
Is 136129517 composite?
True
Is 2178139787 prime?
True
Is 106604604317 a composite number?
False
Is 477526762 prime?
False
Is 96124351 a composite number?
True
Is 2108330902 prime?
False
Is 58766848463 a composite number?
True
Is 1149118951 a composite number?
True
Is 580129183 composite?
False
Is 2183009761 composite?
True
Is 27010324423 a composite number?
False
Is 3951898151 a prime number?
False
Is 480363481 a composite number?
True
Is 2023519957 prime?
False
Is 4440840227 a composite number?
True
Is 204343071277 a composite number?
False
Is 1205405083 prime?
False
Is 20199497 a prime number?
False
Is 1222477519 composite?
True
Is 4720946717 composite?
False
Is 1586347619 composite?
True
Is 29681457463 a prime number?
False
Is 808021079 a prime number?
True
Is 219107293 composite?
False
Is 1060706953 prime?
True
Is 9516722511 prime?
False
Is 21168470203 a composite number?
True
Is 425999957 composite?
True
Is 1180450493 prime?
False
Is 1462484731 prime?
True
Is 14180520589 composite?
False
Is 99337298327 a composite number?
True
Is 33021915107 composite?
False
Is 39421408133 a composite number?
True
Is 7064502353 prime?
False
Is 10293872143 a composite number?
True
Is 2581274869 a prime number?
True
Is 33081963 prime?
False
Is 2986105723 a composite number?
False
Is 39490725373 prime?
False
Is 1847790157 composite?
False
Is 464973979 a composite number?
False
Is 11543350397 prime?
True
Is 47086964257 a prime number?
True
Is 1929222989 a composite number?
False
Is 217650474539 prime?
False
Is 2555057954 prime?
False
Is 103586101 a composite number?
False
Is 6728008351 a composite number?
True
Is 22564712015 composite?
True
Is 514950029 a prime number?
False
Is 3109861327 composite?
True
Is 507883213 a composite number?
True
Is 2478703907 prime?
False
Is 5295181609 a prime number?
True
Is 35940029201 a composite number?
False
Is 5998138567 a prime number?
False
Is 31716429179 prime?
False
Is 767920579 composite?
True
Is 117936905829 a composite number?
True
Is 1232801537 a composite number?
True
Is 26867867758 prime?
False
Is 42474536683 prime?
True
Is 48988855517 prime?
False
Is 191682627 prime?
False
Is 1810486754 prime?
False
Is 2488248601 a composite number?
False
Is 299732149 a prime number?
False
Is 742081969 prime?
True
Is 15555530759 composite?
False
Is 775799287 a prime number?
True
Is 88873259399 a prime number?
True
Is 67599641 composite?
False
Is 1332041233 composite?
False
Is 867948733 a prime number?
True
Is 14325245239 composite?
False
Is 11870510027 a prime number?
True
Is 83222207347 a composite number?
True
Is 532770221 a composite number?
True
Is 2044868149 a prime number?
False
Is 1957804559 a prime number?
True
Is 44648113 composite?
False
Is 298474007 composite?
True
Is 36540252337 prime?
False
Is 26442544133 prime?
True
Is 2060597783 a prime number?
True
Is 3951652247 composite?
False
Is 8726233717 a prime number?
True
Is 81748567 prime?
False
Is 100223341 prime?
False
Is 643561429 composite?
True
Is 1602744959 a composite number?
False
Is 378712903 prime?
False
Is 1145861621 a composite number?
True
Is 1478174431 composite?
False
Is 43213420909 a prime number?
True
Is 3271492061 prime?
False
Is 1165429753 a prime number?
True
Is 26997130169 prime?
False
Is 21259241051 prime?
True
Is 67176775229 a composite number?
False
Is 83408789179 composite?
True
Is 5690353283 composite?
False
Is 1827510337 a prime number?
True
Is 7948787107 composite?
True
Is 8510238673 a composite number?
True
Is 200176595137 a prime number?
True
Is 454942853 prime?
False
Is 5240904283 prime?
True
Is 127624520711 a prime number?
False
Is 289363785065 a prime number?
False
Is 628152463 a prime number?
False
Is 104405995877 prime?
True
Is 1980315763 prime?
True
Is 79997815 composite?
True
Is 239730053 prime?
True
Is 96937580527 prime?
True
Is 18327752041 composite?
False
Is 502038359 composite?
False
Is 1083780911 composite?
False
Is 1538043433 a prime number?
True
Is 60709981753 prime?
False
Is 15179007187 prime?
True
Is 101215842389 a composite number?
False
Is 1548610337 a composite number?
False
Is 12775469843 composite?
False
Is 8229402581 a prime number?
True
Is 244806873617 composite?
False
Is 298567747 prime?
True
Is 10405681409 a composite number?
False
Is 5069493017 composite?
True
Is 1059154849 a prime number?
False
Is 594617974 prime?
False
Is 43993560341 prime?
True
Is 1604209397 a prime number?
False
Is 144912846443 prime?
False
Is 4922679147 a composite number?
True
Is 6082991423 prime?
True
Is 784801933 a composite number?
False
Is 7583010919 a prime number?
False
Is 482514169 a prime number?
True
Is 63496808161 prime?
False
Is 1686378266 composite?
True
Is 4108475347 composite?
False
Is 4035792493 a prime number?
False
Is 9303265381 prime?
False
Is 429490463 composite?
True
Is 11100472153 a prime number?
True
Is 1394973617 prime?
False
Is 14152005103 prime?
True
Is 9163498613 a prime number?
False
Is 83674468439 a composite number?
False
Is 2926232557 a prime number?
True
Is 383670461731 prime?
True
Is 17711729933 a composite number?
True
Is 486052811 a prime number?
False
Is 3065163313 prime?
True
Is 10919240357 a composite number?
True
Is 1652132803 composite?
True
Is 103976150687 a composite number?
True
Is 40867476781 prime?
True
Is 71984644721 composite?
True
Is 1015661051 composite?
True
Is 51959387659 composite?
False
Is 537465129 prime?
False
Is 55612533881 composite?
False
Is 177739603627 prime?
False
Is 358739971 a composite number?
False
Is 3190666681 composite?
True
Is 21308674369 a composite number?
True
Is 8887381697 a composite number?
True
Is 6428880103 a prime number?
False
Is 1707787969 composite?
False
Is 22821463691 a composite number?
True
Is 79662704279 composite?
False
Is 2364971771 prime?
False
Is 2118744401 a composite number?
False
Is 437951231 composite?
False
Is 104867081149 composite?
True
Is 853008991 composite?
True
Is 170892977 prime?
True
Is 463659643 a prime number?
True
Is 89630669 a composite number?
False
Is 416991593 prime?
False
Is 19943690971 composite?
False
Is 196705169 a composite number?
True
Is 154401466937 prime?
False
Is 4120436179 composite?
False
Is 7050961339 prime?
True
Is 402132719 prime?
False
Is 1015468369 prime?
True
Is 20549211097 prime?
True
Is 29366153069 prime?
False
Is 182570117 composite?
False
Is 4440214483 prime?
True
Is 5649170843 a prime number?
True
Is 163163738099 a composite number?
True
Is 1024100509 composite?
True
Is 48480169295 prime?
False
Is 77889913219 a composite number?
True
Is 80486051 composite?
False
Is 1298677613 a prime number?
False
Is 1747165009 prime?
False
Is 42295534 composite?
True
Is 1903627273 a composite number?
False
Is 1701160957 a prime number?
False
Is 14751936529 prime?
False
Is 6702993289 composite?
False
Is 793333753 composi